 divisor of 8 and z.
4
Let r = -213 - -217. Suppose j + 911 = r*w, 4*w + 75*j - 73*j - 914 = 0. What is the greatest common divisor of w and 48?
12
Let x(c) = 11*c**2 - 7*c. Let i be x(-3). Suppose -z = 4*n - 76, -2*n - 390 + i = -5*z. What is the highest common factor of 140 and z?
28
Let v = -62 - 62. Let i be (-5 + v/28)/((-1)/42). What is the greatest common divisor of 72 and i?
36
Let n = 355 + -351. Suppose 4*z + n*h - 2880 = 8*h, -4*h = 0. Calculate the highest common divisor of z and 45.
45
Suppose -117*n = -120*n + 33. Suppose 0 = 142*a - 131*a - 5929. What is the highest common factor of a and n?
11
Suppose 9106 + 238218 = 7*c. What is the greatest common factor of c and 242?
242
Let t be (13/(65/(-1630)))/(-2). Suppose 14*z - t = 1517. What is the highest common factor of 12 and z?
12
Let l(y) = y**2 - 5*y + 22. Let f be l(4). Suppose 2*u = -3*u + 330. Let c = u - 30. What is the greatest common divisor of f and c?
18
Suppose 54*n = 109*n - 41*n - 168. Calculate the greatest common divisor of n and 74.
2
Let v(q) be the third derivative of q**5/60 - 5*q**4/24 + 11*q**3/2 + 9*q**2 - 2*q. Let x be v(11). What is the greatest common divisor of 33 and x?
33
Let z(n) = 91*n - 3671. Let s be z(41). Let j be 3/(1 + 0/3). Calculate the greatest common factor of j and s.
3
Suppose -30*r = -18*r - 8496. Suppose j + r = 5*y - 94, -4*y + 629 = -5*j. What is the greatest common factor of 69 and y?
23
Suppose 4*w - 198 - 262 = 0. Suppose h + 206 = -h. Let s = -57 - h. What is the greatest common divisor of w and s?
23
Let g(d) = -4*d**3 - 2*d**2 + 4*d + 1. Let r be g(3). Let i = r + 115. Let u = -32 + 46. What is the highest common divisor of u and i?
2
Let l = -245 - -265. Suppose -4*b + 4*n = -52, 3*b + 4*n - 19 - l = 0. What is the highest common divisor of 351 and b?
13
Let s be 48/(-768) + (-2690)/(-32). Let n be (-144)/s*525/(-5). What is the highest common factor of 20 and n?
20
Let n(v) be the second derivative of -8*v**3/3 - 13*v**2/2 - 4*v. Let r be n(-4). Suppose r*o = 48*o + 33. What is the greatest common divisor of 1 and o?
1
Let v be -11779*(-2)/34 + (-1922)/(-16337). Calculate the greatest common divisor of v and 7227.
99
Let i be ((-80)/14)/(956/(-28441)). What is the highest common factor of i and 1462?
34
Let t = 169 - -14. Let x = t + -143. What is the highest common factor of x and 40?
40
Let z = 3058 + -3004. Calculate the greatest common factor of 1062 and z.
18
Suppose 11*v = 16*v - 195. Let a(d) = -d**3 + 40*d**2 - 34*d - 3. Let c be a(v). What is the greatest common divisor of 144 and c?
48
Let p be (-17)/68 + (-506)/(-8). Suppose -3*n - f + 44 = 0, 26*f - 27*f = 4*n - 58. What is the highest common divisor of p and n?
7
Suppose 6*n - 10*n + 1890 = -v, 5*n - 2357 = 4*v. Calculate the highest common divisor of 143 and n.
11
Let r(l) = 3*l + 23. Suppose 0 = -10*w + 17*w + 14. Let t be r(w). What is the greatest common factor of 527 and t?
17
Suppose 571*d = 656*d - 1785. What is the highest common divisor of 765 and d?
3
Suppose -z - z - 5*f = -1117, f - 551 = -z. Suppose 14*r - r = z. What is the greatest common divisor of 6 and r?
6
Suppose -h = 3*a - 16 + 1, -3*a = 3*h - 27. Suppose -d = -2*d + 2. Suppose d*u = 10 + h. What is the greatest common divisor of u and 96?
8
Let j be (10/6)/((-40)/(-72)). Let z be j*(-921)/(-39) + (-10)/(-65). What is the highest common divisor of 213 and z?
71
Let b be (-49)/((-59)/(-93) - (-4)/(-6)). Let l = b + -826. What is the greatest common divisor of 77 and l?
77
Suppose -2*d - 2*t = -232, -3*t - 278 - 286 = -5*d. Calculate the highest common factor of 1788 and d.
6
Suppose 2*s - 40 = h, 5*h - 160 = -7*s + 2*s. What is the greatest common factor of s and 2526?
6
Suppose 0*n - 6 = -4*n + 5*q, -4*q = -4*n + 12. What is the greatest common factor of 42516 and n?
9
Let f(x) = -60*x + 528. Let o be f(8). Let u(q) = -2*q**2 - 37*q - 9. Let h be u(-15). Calculate the greatest common factor of h and o.
48
Let v(s) = 12*s**2 + 129*s - 510. Let p be v(4). What is the highest common factor of 126 and p?
18
Suppose -2*r + 5*n = -36836, -690*r + 688*r = -3*n - 36840. Calculate the highest common divisor of 207 and r.
207
Suppose 4*i - p = 80 + 296, -2*p = 3*i - 326. Suppose 0 = -2*v - 3*v + 7840. What is the highest common divisor of i and v?
98
Let x(f) = -346*f - 1320. Let u be x(-4). Let j = -44 + 29. Let l = 1 - j. What is the greatest common factor of l and u?
16
Let f(a) = 1368*a + 621. Let r be f(3). What is the greatest common divisor of 7 and r?
7
Suppose 4 = r - 1. Suppose -6*p + 9*p + 27 = 0. Let d be (105/9)/((-3)/p). What is the highest common divisor of r and d?
5
Let a(o) = 4*o**2 + 118*o - 262. Let i be a(-41). Calculate the greatest common divisor of 1856 and i.
232
Suppose -143*s - 3*k = -148*s + 9284, 1858 = s - k. What is the greatest common factor of s and 245?
35
Suppose -1424*l + 1425*l - 10 = 5*z, -l + 4 = z. What is the greatest common factor of l and 2960?
5
Let r be (9 - 3)*(4 - (-1 - 0)). Let y be (-12)/r - (-48)/(-15)*-7. What is the greatest common factor of 22 and y?
22
Let i = 1213 + -1006. What is the greatest common factor of 2277 and i?
207
Suppose 34 + 117 + 10 = 161*y. Calculate the greatest common divisor of y and 301.
1
Let m be -1 + 8 - 14*1425/(-50). What is the highest common divisor of 58 and m?
58
Let y = -1282 - -1392. What is the highest common factor of y and 1595?
55
Let h = -109 + 385. Suppose -h = -10*k + 384. What is the greatest common divisor of 154 and k?
22
Let m(p) = 2*p**2 - 27*p - 160. Let g be m(-5). Suppose -g*a + 624 = -13*a. What is the highest common divisor of 169 and a?
13
Let r(s) = 7*s**3 - 2*s**2 + 4*s + 7. Let j be r(2). Calculate the greatest common factor of 1071 and j.
63
Let d be (-1 - (-1 - -4)) + (47 - -1). Let j be (26/(-8) + 2)*32. Let m = j + d. Calculate the highest common divisor of 12 and m.
4
Suppose 2*q = -4*s + 154, q - 38*s + 41*s - 79 = 0. Suppose 9*i = -3*d + 4*i + 77, -3*d - 4*i = -q. What is the highest common divisor of d and 570?
19
Let v = 710 + -426. Let z = v + -76. Calculate the greatest common divisor of 26 and z.
26
Let n = 419 - 400. Suppose 14*k + 145 = n*k. What is the highest common factor of k and 87?
29
Let z(w) = 490*w - 502*w - 25 + 4*w**2 - 5*w**2. Let r be z(-7). Calculate the highest common factor of 2 and r.
2
Let n = 40 - 35. Suppose -7*p + 4*q = -2*p - 30, 0 = -n*q. Let d(k) = -k + 18. Let x be d(p). Calculate the greatest common divisor of 12 and x.
12
Suppose 453*b + 455*b - 921*b + 468 = 0. What is the highest common divisor of 2892 and b?
12
Let g = -20 - -58. Let w = -36 + g. Suppose x = o - w*x - 13, -1 = x. Calculate the highest common factor of o and 5.
5
Suppose -4*c + 56 = -148. Let r = 45 + -44. Let d be ((-102)/(r + (-2)/(-4)))/(-2). What is the highest common factor of c and d?
17
Suppose -r = -3*n - 12, 2*r + 5*n = 9*n + 20. Let a be (-9392)/(-24) + 0 + (-2)/r. What is the greatest common factor of a and 17?
17
Let z be 20705/410*(0 + 10). Calculate the greatest common divisor of 808 and z.
101
Suppose 102*g - 113620 = -88*g. What is the highest common factor of 936 and g?
26
Suppose 0 = 11*h - 18417 + 1873. Calculate the greatest common factor of 47 and h.
47
Suppose -3*k - 49 = -5*u, -2*k = -3*u - 105 + 134. Suppose -411 = -u*d + 557. What is the greatest common factor of d and 24?
8
Let k(u) = u**3 - 5*u**2 - 9*u + 7. Let c be k(7). Let a = 371 - -35. Let y = a - 343. What is the highest common factor of c and y?
21
Suppose 0 = -3*p + 34 - 7. Let a be (30/p)/(1/75). Suppose 2*w - a = -3*w. Calculate the highest common factor of 20 and w.
10
Suppose 3*w - 2*s = 757, 0 = 2*w - 4*s + 5*s - 507. Let r = -481 + w. Let m = r - -412. What is the highest common divisor of 23 and m?
23
Let g be 30/(-8)*96/(-36). Let a be 3*2/3*(-1960)/(-245). What is the highest common divisor of g and a?
2
Let v = -2882 - -2932. Calculate the greatest common factor of 20 and v.
10
Let a be ((-2)/3)/(((-4)/(-300))/(1 + -2)). Calculate the greatest common divisor of 9750 and a.
50
Suppose 0 = -3*p, 4*p = -5*d - 0*p + 440. Let j(b) = 4*b**3 + 72*b**2 + 107*b - 182. Let t be j(-16). Calculate the greatest common factor of d and t.
22
Suppose -p + 5*w + 60 = -236, 0 = 4*w - 8. Suppose -r + p = 2*